{"id":3107,"date":"2014-02-15T20:43:40","date_gmt":"2014-02-15T20:43:40","guid":{"rendered":"http:\/\/gefaehrdungsanalyse.org\/?page_id=3107"},"modified":"2014-02-17T19:22:43","modified_gmt":"2014-02-17T19:22:43","slug":"trinkwasser","status":"publish","type":"page","link":"https:\/\/new.gefaehrdungsanalyse.org\/?page_id=3107","title":{"rendered":"Trinkwasser"},"content":{"rendered":"<div id='layer_slider_1'  class='avia-layerslider main_color avia-shadow  avia-builder-el-0  el_before_av_textblock  avia-builder-el-first  container_wrap sidebar_right' style='  height: 221px; max-width: 1140px; margin: 0 auto;' ><\/div><div id='after_layer_slider_1'  class='main_color av_default_container_wrap container_wrap sidebar_right' style=' '  ><div class='container' ><div class='template-page content  av-content-small alpha units'><div class='post-entry post-entry-type-page post-entry-3107'><div class='entry-content-wrapper clearfix'>\n<section class=\"av_textblock_section \"  itemscope=\"itemscope\" itemtype=\"https:\/\/schema.org\/CreativeWork\" ><div class='avia_textblock  '   itemprop=\"text\" ><h2>UNSER TRINKWASSER<\/h2>\n<\/div><\/section>\n<div  style='padding-bottom:10px; color:#6666666;' class='av-special-heading av-special-heading-h5 custom-color-heading   avia-builder-el-2  el_after_av_textblock  el_before_av_hr  '><h5 class='av-special-heading-tag '  itemprop=\"headline\"  >Trinkwasser ist unser kostbarstes Gut und unterliegt daher in Deutschland einer sehr genauen Kontrolle.<\/h5><div class='special-heading-border'><div class='special-heading-inner-border' style='border-color:#6666666'><\/div><\/div><\/div>\n<div   class='hr hr-short hr-center   avia-builder-el-3  el_after_av_heading  el_before_av_one_third '><span class='hr-inner ' ><span class='hr-inner-style'><\/span><\/span><\/div>\n<div class=\"flex_column av_one_third  flex_column_div first  avia-builder-el-4  el_after_av_hr  el_before_av_two_third  \" ><div  class='avia-image-container  av-styling-    avia-builder-el-5  avia-builder-el-no-sibling  avia-align-left '  itemprop=\"image\" itemscope=\"itemscope\" itemtype=\"https:\/\/schema.org\/ImageObject\"  ><div class='avia-image-container-inner'><div class='avia-image-overlay-wrap'><img class='avia_image' src='http:\/\/new.gefaehrdungsanalyse.org\/wp-content\/uploads\/2014\/02\/Woman-drinking-water-round.jpg' alt='' title='Woman drinking water round'   itemprop=\"thumbnailUrl\"  \/><\/div><\/div><\/div><\/div>\n<div class=\"flex_column av_two_third  flex_column_div   avia-builder-el-6  el_after_av_one_third  el_before_av_hr  \" ><section class=\"av_textblock_section \"  itemscope=\"itemscope\" itemtype=\"https:\/\/schema.org\/CreativeWork\" ><div class='avia_textblock  '   itemprop=\"text\" ><p><span class=\"av_dropcap1 \" >G<\/span>anz wesentlich f\u00fcr eine hohe Trinkwasserqualit\u00e4t in Trinkwasseranlagen ist der bestimmungsgem\u00e4\u00dfe Betrieb. Wasser enth\u00e4lt neben chemischen Bestandteilen auch Mikroorganismen, die bei einer unsachgem\u00e4\u00dfen Handhabung zu Problemen in der Trinkwasseranlagen f\u00fchren k\u00f6nnen und dann Krankheiten bei dem Verbraucher verursachen. Bereits nach 4 Stunden Stagnation verliert Wasser an Qualit\u00e4t und sollte nach dieser Zeit nicht mehr zum Trinken verbraucht werden. Daran l\u00e4sst sich ableiten, dass ungenutzte Wasserh\u00e4hne und unbewohnte Wohnungen eine st\u00e4ndige Gefahr f\u00fcr eine Trinkwasserinstallation darstellen.<\/p>\n<p>Die G\u00fcteanforderungen an Trinkwasser sind in Deutschland in der DIN 2000 und in den gesetzlichen Grundlagen, der <a title=\"Trinkwasserverordnung\" href=\"http:\/\/new.gefaehrdungsanalyse.org\/?page_id=3111\">Trinkwasserverordnung (TrinkwV)<\/a> und der Allgemeine Verordnung f\u00fcr die Versorgung mit Wasser (AVBWasserV) festgelegt.<em><br \/>\n<\/em><\/p>\n<\/div><\/section><\/div>\n<div  style='height:1px; margin-top:0px'  class='hr hr-invisible   avia-builder-el-8  el_after_av_two_third  el_before_av_notification '><span class='hr-inner ' ><span class='hr-inner-style'><\/span><\/span><\/div>\n<div id='avia-messagebox-' class='avia_message_box  avia-color-blue avia-size-large avia-icon_select-yes avia-border-  avia-builder-el-9  el_after_av_hr  el_before_av_image '><span class='avia_message_box_title' >WUSSTEN SIE SCHON...?<\/span><div class='avia_message_box_content' ><span class='avia_message_box_icon' aria-hidden='true' data-av_icon='\ue81e' data-av_iconfont='entypo-fontello'><\/span><p>Mit einem Verfallsdatum von nur 4 Stunden ist Leitungswasser im Vergleich zu anderen Lebensmitteln wie Milch, Joghurt etc. sehr kurzlebig.<\/p>\n<\/div><\/div>\n<div  class='avia-image-container  av-styling-    avia-builder-el-10  el_after_av_notification  avia-builder-el-last  avia-align-left '  itemprop=\"image\" itemscope=\"itemscope\" itemtype=\"https:\/\/schema.org\/ImageObject\"  ><div class='avia-image-container-inner'><div class='avia-image-overlay-wrap'><img class='avia_image' src='http:\/\/new.gefaehrdungsanalyse.org\/wp-content\/uploads\/2014\/02\/Quellwasser1.jpg' alt='' title='Quellwasser'   itemprop=\"thumbnailUrl\"  \/><\/div><\/div><\/div>\n","protected":false},"excerpt":{"rendered":"","protected":false},"author":1,"featured_media":0,"parent":3051,"menu_order":0,"comment_status":"open","ping_status":"open","template":"","meta":{"_bbp_topic_count":0,"_bbp_reply_count":0,"_bbp_total_topic_count":0,"_bbp_total_reply_count":0,"_bbp_voice_count":0,"_bbp_anonymous_reply_count":0,"_bbp_topic_count_hidden":0,"_bbp_reply_count_hidden":0,"_bbp_forum_subforum_count":0,"footnotes":""},"class_list":["post-3107","page","type-page","status-publish","hentry"],"_links":{"self":[{"href":"https:\/\/new.gefaehrdungsanalyse.org\/index.php?rest_route=\/wp\/v2\/pages\/3107","targetHints":{"allow":["GET"]}}],"collection":[{"href":"https:\/\/new.gefaehrdungsanalyse.org\/index.php?rest_route=\/wp\/v2\/pages"}],"about":[{"href":"https:\/\/new.gefaehrdungsanalyse.org\/index.php?rest_route=\/wp\/v2\/types\/page"}],"author":[{"embeddable":true,"href":"https:\/\/new.gefaehrdungsanalyse.org\/index.php?rest_route=\/wp\/v2\/users\/1"}],"replies":[{"embeddable":true,"href":"https:\/\/new.gefaehrdungsanalyse.org\/index.php?rest_route=%2Fwp%2Fv2%2Fcomments&post=3107"}],"version-history":[{"count":26,"href":"https:\/\/new.gefaehrdungsanalyse.org\/index.php?rest_route=\/wp\/v2\/pages\/3107\/revisions"}],"predecessor-version":[{"id":3389,"href":"https:\/\/new.gefaehrdungsanalyse.org\/index.php?rest_route=\/wp\/v2\/pages\/3107\/revisions\/3389"}],"up":[{"embeddable":true,"href":"https:\/\/new.gefaehrdungsanalyse.org\/index.php?rest_route=\/wp\/v2\/pages\/3051"}],"wp:attachment":[{"href":"https:\/\/new.gefaehrdungsanalyse.org\/index.php?rest_route=%2Fwp%2Fv2%2Fmedia&parent=3107"}],"curies":[{"name":"wp","href":"https:\/\/api.w.org\/{rel}","templated":true}]}}